ate u(2).
-2
Suppose 4*s - s = 6. Suppose 0*c = -s*c + 4. Let f(t) = -c*t + t - 1 + 1. Give f(0).
0
Suppose -3*g = u - 1 + 4, 2*g - 2*u = -2. Let r(i) = -i - 1. Determine r(g).
0
Let b(f) = -f + 5. Let v = 1 + 3. Suppose 86 = v*n - 2*z, 4*n + 2*z = z + 77. Suppose -2*h - n = -6*h. Calculate b(h).
0
Let a(c) = -c**3 - 4*c**2 + 4. Let q be a(-4). Let s(k) = -2*k - 1. Determine s(q).
-9
Let v(p) = -2*p**3 + 2*p**2 + 2*p - 2. Suppose 2*x + 4 = 8. Suppose 2*k + 5*f + 4 = 0, -3*f - x*f = 3*k + 1. Let z = 5 - k. Give v(z).
-6
Let q(y) = y**3 + y**2 - y + 2. Suppose -x - 12 = -10. Give q(x).
0
Let v(d) = 5*d - 8. Let q(x) = 4*x - 7. Let l(k) = 7*q(k) - 6*v(k). What is l(-4)?
7
Let w(o) = 6*o**2 - 1. Suppose 2*s + 25 - 23 = 0. What is w(s)?
5
Let y(q) = -q**2 + 4*q + 5. Let l(r) = r**2 - 4*r - 4. Let m(c) = 5*l(c) + 4*y(c). Let g(u) = -6*u + 1. Let a be g(-2). Suppose -3*b - 4 = -a. Determine m(b).
-3
Let x(q) = 5*q - 3. Let g(i) = 4*i - 3. Let h(z) = -3*g(z) + 2*x(z). Let t = 50 + -22. Let s be (-105)/t + 2/(-8). Give h(s).
11
Let n(x) = 2*x - 3. Let c(h) = -1. Let f(i) = i**3 + 2*i**2 - 5*i. Let u(g) = 3*c(g) + f(g). Let r be u(-3). What is n(r)?
3
Suppose -15 = -5*d + 5. Let p = d + -1. Let c(b) = 3*b - 4. Calculate c(p).
5
Let d be (-24)/10 - 2/(-5). Let c(b) be the second derivative of b**6/120 + b**3/3 + 5*b**2 + 6*b. Let w(l) be the first derivative of c(l). Calculate w(d).
-6
Let h(i) = i**3 + 3*i**2 - 5*i - 6. Let j = 3 - 7. Let g be h(j). Let k = 2 - g. Let a(w) = -w**2 + 2*w - 1. What is a(k)?
-9
Let w be ((-2)/(-36))/((-5)/(-15)). Let p(u) be the second derivative of 0 - u**2 - w*u**3 + 2*u. Calculate p(2).
-4
Let m(c) = -c**2 + 7*c + 3. Let i be m(6). Suppose 0 = 4*j + i - 21. Let w(f) = -4*f. What is w(j)?
-12
Let q(a) = 0*a**3 - 3 + 5 + 4 - a**3 + 7*a - 3*a**2. What is q(-4)?
-6
Let m(y) = -y + 3. Let n be m(-3). Let c(q) = q**2 - 5*q - 8. What is c(n)?
-2
Let c(s) be the second derivative of s**4/12 + s**3/6 - 5*s**2/2 - 2*s. Give c(0).
-5
Let p(x) = -6*x. Let m(t) = t**3 + 3*t**2 - 5*t - 4. Let j be m(-4). Suppose 0 = 5*f + 5 - j. Let v be p(f). Let z(q) = q - 1. Give z(v).
5
Let u be (1/(-2))/(3/(-18)). Let m(f) = 2*f**2 + 5*f**3 + u - 6*f**3 + 2*f**3. What is m(-3)?
-6
Let v(y) = -y**2 + 0*y**2 - 21*y + 19*y. Give v(-4).
-8
Let n(t) be the second derivative of -2*t - 1/20*t**5 - 7/2*t**2 + 1/6*t**3 + 1/12*t**4 + 0. Let d be 6/21 + (-4)/14. What is n(d)?
-7
Let d(m) = -m**2 - 5*m + 6. Let r(l) = l - 1. Let j(w) = -d(w) - 6*r(w). Suppose 5*c + 5*y + 23 = -2, 4*c = 4*y + 4. Give j(c).
6
Let g(d) be the second derivative of 1/12*d**5 + 0 - d**3 + 1/120*d**6 - d**2 - 1/12*d**4 + 2*d. Let w(o) be the first derivative of g(o). Determine w(-5).
4
Suppose 27 - 20 = -y. Let f(i) = 2*i + 7. Calculate f(y).
-7
Suppose -11 = m + 3*n, -4*m - 4*n + 0*n = 12. Let z(q) = q**3 + 7*q**2 - 5*q + 5. Let x(h) = -h + 3*h**2 - h**2 - h**2. Let c(k) = m*z(k) - 4*x(k). Give c(-4).
-7
Let p(u) = u**2 - 6*u + 2. Let i = 27 + -19. Suppose -r + i = -5*r. Let f = 7 + r. Give p(f).
-3
Let n(c) = -c. Let a(h) = -4*h. Let k(j) = 2*a(j) - 9*n(j). Calculate k(5).
5
Let q(u) = -u**3 + 4*u**2. Let a(f) = f**3 - 5*f**2 + f - 1. Let i(b) = -2*a(b) - 3*q(b). Let m(h) = 8 - h + 11 - 1. Let z be m(16). Calculate i(z).
-2
Let n(q) = q - q**2 - q**2 - 2*q + 1 + q**2. Give n(2).
-5
Let w(v) = v**3 - 7*v**2 - 10*v + 2. Let r(b) = 7*b - 69. Let q be r(11). Give w(q).
-14
Let j(z) = 252*z**2 - 1 + 6*z - 251*z**2 + z. Calculate j(-6).
-7
Suppose -6*q + 3*q = -33. Let w = 8 - q. Let s(h) = -2*h + 2. Give s(w).
8
Let v(a) = 0 + a - 5 + 1. Let x be (-19 + 12)*10/(-7). Suppose 0 = 4*z - 4*q - 30 + x, 0 = 3*z + 2*q - 5. What is v(z)?
-1
Let u be ((-2)/10)/(1/(-5)). Let g(n) = 2*n - 1. Calculate g(u).
1
Let p(r) = -2*r + 2. Let j be 1 + (-8)/(-4) + 1. Give p(j).
-6
Let n(c) = -4*c. Let f(d) = -1. Let p(w) = 3*f(w) - n(w). Give p(2).
5
Let i(c) be the third derivative of -c**5/60 + c**4/8 + c**3 + 3*c**2. Suppose 5*p = 26 - 1. What is i(p)?
-4
Let j(r) = -3 + 2 - 2*r + 3*r + 6*r. Determine j(2).
13
Let j = -69 - -73. Let u(v) be the second derivative of -v**4/12 + 4*v**3/3 - 3*v**2 - v. Calculate u(j).
10
Let z(c) be the second derivative of 1/12*c**4 - c**3 + 2*c + 3/2*c**2 + 0. Determine z(3).
-6
Let n(c) = 8 - 2 - c + 5*c - 5. What is n(-4)?
-15
Suppose 4*a = f + 4, -2*a + 3*a - 3*f = 1. Let m(t) = t - 1. Give m(a).
0
Let b(p) = p + 11. Let t be b(-8). Let u(m) be the first derivative of -t*m - 2 - 3*m**2 + 1/3*m**3. Determine u(6).
-3
Let m(h) = 2*h - 2. Let z be m(2). Let j(o) = 7*o + 4*o**3 - z*o**2 - 3*o**3 + 4 + 7*o**2 + o**2. Calculate j(-5).
-6
Let p = -2 + 7. Let l = -3 + p. Let y(w) = -3 - 4 + l*w + 8. Calculate y(-1).
-1
Let m(j) be the first derivative of -j**4/24 + j**3/2 + 2*j**2 - 4. Let g(f) be the second derivative of m(f). Give g(5).
-2
Let f(u) = -u**3 + u - 4. Let s = 19 - 19. Give f(s).
-4
Let v(x) = -x**2 + 13*x + 11. Let j be v(13). Let s = 14 - j. Let u(f) = f**2 - 4*f + 1. Calculate u(s).
-2
Let o(f) be the third derivative of -1/24*f**4 + 1/3*f**3 - f**2 + 0 + 0*f. Suppose -2*j = j + 9. Calculate o(j).
5
Let n(a) = 4*a - 2. Let r be (-7)/(7/(-2)) + 18. Let k be (-35)/r - 2/8. Calculate n(k).
-10
Let n(d) = 1 - 9*d**2 + 34*d + 31*d - 90*d + 27*d. Let f(t) = -t + 1. Let a be f(2). Calculate n(a).
-10
Suppose 14*z + 8 = 22*z. Let l(m) = -9*m**3 - 2*m**2 + 1. Give l(z).
-10
Let h(r) be the first derivative of -2*r**3/3 - r**2 + 2*r + 9. Let u = -4 + 2. Give h(u).
-2
Let r(g) = -8*g + 1. Let b be (2/(-4) + 2)*2. Suppose b = y + 2. Calculate r(y).
-7
Let o(h) be the first derivative of -h**3/3 - 5*h**2/2 - 2*h - 6. Determine o(-4).
2
Let z(y) be the first derivative of y**2/2 + 4*y - 1. Let h = 245 + -249. Calculate z(h).
0
Let o = 7 + -2. Suppose -2*g - 2*g + 12 = 0. Let f(t) = -t**2 + 7*t - 4. Let z(s) = 2*s**2 - 14*s + 8. Let p(x) = g*z(x) + 5*f(x). Calculate p(o).
-6
Let a(f) = f**3 + 2*f + 1. Suppose 2*k - 3*m = 6, -2*k - m + 19 = 5. Let r(z) = -5*z - z + k*z**2 + 0*z**3 + 6 + z**3. Let o be r(-7). Give a(o).
-2
Let v(t) = -t**2 + 6*t + 2. Let y be v(7). Let s = 3 + y. Let r be 4/4 - (-4)/s. Let g(d) = d**2 + d. What is g(r)?
0
Let k(q) be the third derivative of -11*q**4/24 - q**3/6 + 3*q**2. Let m be 3/4 - 2/(-8). Calculate k(m).
-12
Let r(k) be the first derivative of k**5/30 - k**4/6 + 2*k**2 - 4. Let l(t) be the second derivative of r(t). Determine l(3).
6
Let j(c) = 5*c**2 - 2*c + 7. Let o(r) = -11*r**2 + 5*r - 15. Let v(t) = -9*j(t) - 4*o(t). Give v(-2).
-3
Let l(b) be the first derivative of -2 + 0*b + 1/24*b**5 + 1/180*b**6 + 0*b**2 + 1/8*b**4 + 2/3*b**3. Let h(c) be the third derivative of l(c). Give h(-3).
6
Let s(i) = 13*i**3 + 4*i - 14*i**3 + 5*i**2 - 2*i + i + 5. Calculate s(6).
-13
Let q be (-8)/12 - (-22)/6. Suppose z = -q*z. Let h(r) = 2*r**3 + 1 + r**2 - 2*r - 3*r**3 + 3*r. Give h(z).
1
Let v(z) = -z**3 - z**2 + z + 4. Suppose 36 = -2*c - 3*y, 3*c + 15 + 17 = y. Let j be (-4)/c + (-1)/3. Let h be (0 - j)*1/(-3). Calculate v(h).
4
Let r = -2 - -3. Let k(c) = -1 - 34*c + 69*c - 33*c - 5*c**3. Give k(r).
-4
Let l(n) = -3 - 1 + 3*n**2 + 3. Let j be 16/4*1/2. Let o be j + (1 + -2)/1. What is l(o)?
2
Let b = 9 - -4. Suppose b - 38 = -5*u. Let f(m) = m + 7. What is f(u)?
12
Let u be 2/2*(1 - 0). Let c(p) be the second derivative of -p**5/60 + p**4/24 - p**3/3 + p. Let s(f) be the second derivative of c(f). Determine s(u).
-1
Let i(v) be the first derivative of -v**2/2 + 10*v - 13. Give i(7).
3
Let l(c) = -11*c**3 + 15*c - 5. Let r(j) be the second derivative of j**5/4 - 7*j**3/6 + j**2 + 2*j. Let n(w) = 6*l(w) + 13*r(w). Calculate n(0).
-4
Let v(z) be the second derivative of z**4/12 - z**3/2 + 3*z**2/2 + 7*z. Determine v(4).
7
Suppose -2*j = -3*j. Let d be 5 + (-2 - (-2)/1). Let n(c) = 2*c**3 + c**3 - c**2 + d - 2*c**3. Calculate n(j).
5
Let d(i) = -2*i**3 - 2*i**2 - 2. Let k be d(-2). Let x(r) = 3*r - 2*r - 21 + 23. Determine x(k).
8
Let t = 5 - 5. Let u = t - 3. Let d(a) = -a**2 - 4*a - 3. Give d(u).
0
Suppose -v = 4*v - 15. Suppose 3*r = -3*y + v, -4*y = 3*r - 2 + 1. Suppose -5*a = -r*a - 8. Let h(o) = -o**2 + 4*o - 1. Calculate h(a).
-1
Let b(h) = -h**3 + 4*h**2 + 2*h - 3. Let r = -11 + 21. Suppose -3*u + 2*k = -r, 0*u - 4*k = 4*u - 20. Deter